{"id":1206,"date":"2010-04-05T17:17:54","date_gmt":"2010-04-05T17:17:54","guid":{"rendered":"http:\/\/www.ruegen-birkenhof.de\/wp\/?page_id=1206"},"modified":"2010-04-05T17:29:23","modified_gmt":"2010-04-05T17:29:23","slug":"allgemeine-geschaftsbedingungen","status":"publish","type":"page","link":"https:\/\/www.ruegen-birkenhof.de\/?page_id=1206","title":{"rendered":"Allgemeine Gesch\u00e4ftsbedingungen"},"content":{"rendered":"<p style=\"text-align: justify;\"><strong>Gesch\u00e4ftsbedingungen f\u00fcr das Hotel Birkenhof  Familie Schulze, Birkenallee 7 in 18586 Ostseebad Baabe<\/strong><\/p>\n<p style=\"text-align: justify;\">Lieber Gast, Liebe G\u00e4ste,<br \/>\nsie m\u00f6chten einen sch\u00f6nen Urlaub im Hotel verbringen.<br \/>\nDie nachfolgenden Hinweise und Bedingungen regeln das Vertragsverh\u00e4ltniss zwischen Ihnen als G\u00e4ste und uns als Vermieter, damit m\u00f6glichst keine Missverst\u00e4ndnisse auftreten und Sie die sch\u00f6nsten Tage im Jahr, Ihren Urlaub, erholsam verbringen k\u00f6nnen.<\/p>\n<p style=\"text-align: justify;\"><span style=\"text-decoration: underline;\">1.        Anmeldung \/ Buchung<\/span><\/p>\n<p style=\"text-align: justify;\">Mit Ihrer Anfrage bieten Sie uns den Abschluss eines Beherbergungsvertrages an. Dieses kann schriftlich, per Fax, per e-mail, m\u00fcndlich oeder fernm\u00fcndlich geschehen. F\u00fcr uns ist der Vertrag dann verbindlich, sofern wir Ihre Zimmerreservierung schriftlich erhalten haben.<\/p>\n<p style=\"text-align: justify;\"><span style=\"text-decoration: underline;\">2.        Leistungen , Preise und Sonderleistungen<\/span><\/p>\n<p style=\"text-align: justify;\">Die Vermieter stellen Ihnen f\u00fcr die vereinbarte Mietzeit das beschriebene Appartement oder Zimmer zur Verf\u00fcgung. Die Preise sind im Angebot definiert und schlie\u00dfen die Bettw\u00e4sche, Handt\u00fccher und alle Pauschalisierten Nebenkosten mit ein. Die orts\u00fcbliche Kurtaxe ist nicht im Preis enthalten.<\/p>\n<p style=\"text-align: justify;\"><span style=\"text-decoration: underline;\">3.        Bezahlung \/ Kontoverbindung<\/span><\/p>\n<p style=\"text-align: justify;\">30 % des Gesamtpreises sind bis sp\u00e4testens 30 Tage vor Anreise f\u00e4llig. Die Restsumme zahlen Sie bitte vor Ort. In unserem Hotel ist die Zahlung in Bar oder mit EC-Karte und Geheimnummer m\u00f6glich.<br \/>\nDen Anzahlungsbetrag \u00fcberweisen Sie bitte auf das Konto 886 72 909 BLZ 860 100 90 Postbank Leipzig<\/p>\n<p style=\"text-align: justify;\"><span style=\"text-decoration: underline;\">4.        An- und Abreise<\/span><\/p>\n<p style=\"text-align: justify;\">Anreisezeit ist in der Woche ab 16,00 Uhr und am Wochenende ab 14,00 Uhr m\u00f6glich. Die gemieteten R\u00e4umlichkeiten sind bis sp\u00e4testens 11,00 Uhr ab Abreisetag freizugeben, damit diese f\u00fcr die n\u00e4chsten G\u00e4ste vorbereitet werden k\u00f6nnen. Andere An- und Abreisezeiten sind ausdr\u00fccklich vorher zu vereinbaren. Sollte eine Anreise nach 20,00 Uhr beabsichtigt sein, bitten wir um vorherige Information.<\/p>\n<p style=\"text-align: justify;\"><span style=\"text-decoration: underline;\">5.        Nichtraucherschutzgesetz<\/span><\/p>\n<p style=\"text-align: justify;\">Ab dem 01.01.2008 tritt das Nichtraucherschutzgesetz in Mecklenburg\/Vorpommern in Kraft. In unserem Hotel darf dann komplett nicht mehr geraucht werden. Wir haben f\u00fcr Sie eine Raucherecke eingerichtet und hoffen auf Ihr Verst\u00e4ndnis.<\/p>\n<p style=\"text-align: justify;\"><span style=\"text-decoration: underline;\">6.        Stornierungen<\/span><\/p>\n<p style=\"text-align: justify;\">Ein geschlossener Beherbergungsvertag ist verbindlich. Wenn Sie nach Abschluss des Mietvertrages von Ihrer Buchung zur\u00fccktreten, entstehen Kosten, die wir Ihnen leider berechnen m\u00fcssen. Wir empfehlen Ihnen daher  eine Reiser\u00fccktrittskostenversicherung. Die Stornierungskosten betragen: Bis zum 31.Tag vor Anreise 10% der gebuchten Leistungen, vom 30.Tag bis 21.Tag vor Anreise 50 % der gebuchten Leistungen, ab dem 20.Tag vor Anreise 80 % der gebuchten Leistungen. Diese Stornierungsgeb\u00fchren ber\u00fccksichtigen die eingesparten Leistungen. Namentliche Umbuchungen nehmen wir kostenfrei entgegen.<\/p>\n<p style=\"text-align: justify;\"><span style=\"text-decoration: underline;\">7.        Gew\u00e4hrleistung und Haftung des Vermieters<\/span><\/p>\n<p style=\"text-align: justify;\">Die Vermieter haften gegen\u00fcber den G\u00e4sten nur insoweit ein Schaden durch Sie oder einen  Erf\u00fcllungsgehilfen grobfahrl\u00e4ssig oder vors\u00e4tzlich verursacht wurde. F\u00fcr eingebrachte Sachen haften die Vermieter nur im Rahmen der gesetzlichen Bestimmungen. Eine Haftung der Vermieter f\u00fcr mitgebrachte Fahrzeuge oder Tiere kann nicht \u00fcbernommen werden.<\/p>\n<p style=\"text-align: justify;\"><span style=\"text-decoration: underline;\">8.        Sch\u00f6ne Ferien<\/span><\/p>\n<p style=\"text-align: justify;\">Das Hotel Birkenhof liegt direkt am Naturschutzgebiet. Wir bitten unsere G\u00e4ste, die Natur zu wahren, die Wege zu benutzen und eventuelle Abf\u00e4lle in entsprechenden M\u00fcllbeh\u00e4ltern  zu entsorgen, damit auch sp\u00e4ter viele G\u00e4ste die Natur von Baabe genie\u00dfen k\u00f6nnen.<\/p>\n<p style=\"text-align: justify;\">Einen sch\u00f6nen wohlverdienten Urlaub w\u00fcnschen Ihnen<\/p>\n<p style=\"text-align: justify;\">Familie Schulze und Team.<\/p>\n","protected":false},"excerpt":{"rendered":"<p>Gesch\u00e4ftsbedingungen f\u00fcr das Hotel Birkenhof Familie Schulze, Birkenallee 7 in 18586 Ostseebad Baabe Lieber Gast, Liebe G\u00e4ste, sie m\u00f6chten einen sch\u00f6nen Urlaub im Hotel verbringen. Die nachfolgenden Hinweise und Bedingungen regeln das Vertragsverh\u00e4ltniss zwischen Ihnen als G\u00e4ste und uns als<\/p>\n","protected":false},"author":2,"featured_media":0,"parent":0,"menu_order":204,"comment_status":"closed","ping_status":"open","template":"","meta":{"ngg_post_thumbnail":0,"footnotes":""},"_links":{"self":[{"href":"https:\/\/www.ruegen-birkenhof.de\/index.php?rest_route=\/wp\/v2\/pages\/1206"}],"collection":[{"href":"https:\/\/www.ruegen-birkenhof.de\/index.php?rest_route=\/wp\/v2\/pages"}],"about":[{"href":"https:\/\/www.ruegen-birkenhof.de\/index.php?rest_route=\/wp\/v2\/types\/page"}],"author":[{"embeddable":true,"href":"https:\/\/www.ruegen-birkenhof.de\/index.php?rest_route=\/wp\/v2\/users\/2"}],"replies":[{"embeddable":true,"href":"https:\/\/www.ruegen-birkenhof.de\/index.php?rest_route=%2Fwp%2Fv2%2Fcomments&post=1206"}],"version-history":[{"count":0,"href":"https:\/\/www.ruegen-birkenhof.de\/index.php?rest_route=\/wp\/v2\/pages\/1206\/revisions"}],"wp:attachment":[{"href":"https:\/\/www.ruegen-birkenhof.de\/index.php?rest_route=%2Fwp%2Fv2%2Fmedia&parent=1206"}],"curies":[{"name":"wp","href":"https:\/\/api.w.org\/{rel}","templated":true}]}}