{"id":122,"date":"2009-11-03T21:24:15","date_gmt":"2009-11-03T21:24:15","guid":{"rendered":"http:\/\/www.ruegen-birkenhof.de\/wp\/?page_id=122"},"modified":"2010-02-22T10:17:48","modified_gmt":"2010-02-22T10:17:48","slug":"verschenken-sie-urlaubszeit","status":"publish","type":"page","link":"https:\/\/www.ruegen-birkenhof.de\/?page_id=122","title":{"rendered":"Verschenken Sie Urlaubszeit !"},"content":{"rendered":"<p><a href=\"http:\/\/www.ruegen-birkenhof.de\/wp\/wp-content\/uploads\/2009\/11\/innen-gutschein.png\"><img loading=\"lazy\" decoding=\"async\" class=\"size-thumbnail wp-image-906 alignleft\" style=\"border: 1px solid #009900; margin-left: 6px; margin-right: 6px;\" title=\"innen-gutschein\" src=\"http:\/\/www.ruegen-birkenhof.de\/wp\/wp-content\/uploads\/2009\/11\/innen-gutschein-150x150.png\" alt=\"innen-gutschein\" width=\"150\" height=\"150\" \/><\/a>Verschenken Sie doch einfach einen Aufenthalt bei uns im Hotel Birkenhof. Entweder mit konkretem Termin oder nur den Leistungsumfang und der Beschenkte reist nach seinem Wunschtermin.<\/p>\n<p>Sie k\u00f6nnen aber auch einen Wertgutschein in einer bestimmten H\u00f6he oder einfach nur ein romantisches Essen f\u00fcr zwei Personen in unserem Restaurant verschenken. Wir beraten Sie gern!<\/p>\n","protected":false},"excerpt":{"rendered":"<p>Verschenken Sie doch einfach einen Aufenthalt bei uns im Hotel Birkenhof. Entweder mit konkretem Termin oder nur den Leistungsumfang und der Beschenkte reist nach seinem Wunschtermin. Sie k\u00f6nnen aber auch einen Wertgutschein in einer bestimmten H\u00f6he oder einfach nur ein<\/p>\n","protected":false},"author":1,"featured_media":0,"parent":0,"menu_order":2600,"comment_status":"closed","ping_status":"open","template":"","meta":{"ngg_post_thumbnail":0,"footnotes":""},"_links":{"self":[{"href":"https:\/\/www.ruegen-birkenhof.de\/index.php?rest_route=\/wp\/v2\/pages\/122"}],"collection":[{"href":"https:\/\/www.ruegen-birkenhof.de\/index.php?rest_route=\/wp\/v2\/pages"}],"about":[{"href":"https:\/\/www.ruegen-birkenhof.de\/index.php?rest_route=\/wp\/v2\/types\/page"}],"author":[{"embeddable":true,"href":"https:\/\/www.ruegen-birkenhof.de\/index.php?rest_route=\/wp\/v2\/users\/1"}],"replies":[{"embeddable":true,"href":"https:\/\/www.ruegen-birkenhof.de\/index.php?rest_route=%2Fwp%2Fv2%2Fcomments&post=122"}],"version-history":[{"count":0,"href":"https:\/\/www.ruegen-birkenhof.de\/index.php?rest_route=\/wp\/v2\/pages\/122\/revisions"}],"wp:attachment":[{"href":"https:\/\/www.ruegen-birkenhof.de\/index.php?rest_route=%2Fwp%2Fv2%2Fmedia&parent=122"}],"curies":[{"name":"wp","href":"https:\/\/api.w.org\/{rel}","templated":true}]}}