{"id":2573,"date":"2016-11-13T10:30:13","date_gmt":"2016-11-13T09:30:13","guid":{"rendered":"http:\/\/www.ruegen-birkenhof.de\/?page_id=2573"},"modified":"2024-10-09T12:11:40","modified_gmt":"2024-10-09T10:11:40","slug":"preisliste-2017","status":"publish","type":"page","link":"https:\/\/www.ruegen-birkenhof.de\/?page_id=2573","title":{"rendered":"Preisliste 2025"},"content":{"rendered":"<table style=\"background-color: #339900; height: 779px;\" border=\"1\" width=\"1296\" cellspacing=\"1\" cellpadding=\"0\">\n<tbody>\n<tr>\n<td style=\"background-color: #ffffcc;\" rowspan=\"2\" width=\"149\">\n<p style=\"text-align: center;\"><span style=\"color: #000000;\">Zimmerpreise 2025<\/span><\/p>\n<p style=\"text-align: center;\"><span style=\"color: #000000;\">&nbsp;<\/span><span style=\"color: #000000;\">pro Person<\/span><\/p>\n<\/td>\n<td style=\"text-align: center; background-color: #ffffff;\" width=\"124\"><strong><span style=\"color: #008000;\">Vor- und Nachsaison<\/span><\/strong><\/td>\n<td style=\"text-align: center; background-color: #ffffcc;\" width=\"123\"><span style=\"color: #008000;\"><strong>Zwischensaison<\/strong><\/span><\/td>\n<td style=\"text-align: center; background-color: #ffffff;\" width=\"145\"><span style=\"color: #008000;\"><strong>Hauptsaison<\/strong><\/span><\/td>\n<\/tr>\n<tr>\n<td style=\"background-color: #ffffff;\" valign=\"top\" width=\"134\">\n<p style=\"text-align: center;\"><span style=\"color: #008000;\">01.02.-13.04.2025<br \/>\n<\/span><\/p>\n<p style=\"text-align: center;\"><span style=\"color: #008000;\">02.11.-01.12.2025<br \/>\n<\/span><\/p>\n<\/td>\n<td style=\"background-color: #ffffcc;\" valign=\"top\" width=\"123\">\n<p style=\"text-align: center;\"><span style=\"color: #008000;\">14.04.-24.05.2025<\/span><\/p>\n<p style=\"text-align: center;\"><span style=\"color: #008000;\">08.09.- 01.11.2025<\/span><\/p>\n<\/td>\n<td style=\"background-color: #ffffff;\" valign=\"top\" width=\"145\">\n<p style=\"text-align: center;\"><span style=\"color: #008000;\">25.05. &#8211; 7.09.2025<br \/>\n<\/span><\/p>\n<p style=\"text-align: center;\"><span style=\"color: #008000;\">28.12. &#8211; 07.01.2026<\/span><\/p>\n<\/td>\n<\/tr>\n<tr>\n<td style=\"background-color: #ffffcc;\" valign=\"top\">\n<p style=\"text-align: center;\"><a title=\"Gro\u00dfes Appartement\" href=\"http:\/\/www.ruegen-birkenhof.de\/wp\/?page_id=57\">Gro\u00dfes Appartement<\/a><br \/>\n(max. 4 G\u00e4ste)<\/p>\n<\/td>\n<td style=\"text-align: center; background-color: #ffffff;\" width=\"124\"><span style=\"color: #008000;\">75,00<\/span><span style=\"color: #008000; font-family: inherit; font-size: inherit;\">&nbsp;\u20ac pro Person<\/span><\/p>\n<p><span style=\"color: #008000;\">ab der dritten Person 15,00 oder 25,00 Euro<\/span><\/td>\n<td style=\"text-align: center; background-color: #ffffcc;\" width=\"123\"><span style=\"color: #008000;\">80,00 \u20ac pro Person<\/span><\/p>\n<p><span style=\"color: #008000;\">ab der dritten Person 15,00 oder 25,00 Euro<\/span><\/td>\n<td style=\"text-align: center; background-color: #ffffff;\" width=\"145\"><span style=\"color: #008000;\">90,00 \u20ac pro Person<\/span><\/p>\n<p><span style=\"color: #008000;\">ab der dritten Person &nbsp;15,00 oder 25,00 Euro<\/span><\/td>\n<\/tr>\n<tr>\n<td style=\"background-color: #ffffcc;\" valign=\"top\">\n<p style=\"text-align: center;\"><a title=\"Kleines Appartement\" href=\"http:\/\/www.ruegen-birkenhof.de\/wp\/?page_id=52\">Kleines Appartement<\/a><br \/>\n(max. 4 G\u00e4ste)<\/p>\n<\/td>\n<td style=\"text-align: center; background-color: #ffffff;\" width=\"124\"><span style=\"color: #008000;\">55,00 \u20ac pro Person<\/span><\/p>\n<p><span style=\"color: #008000;\">ab der dritten Person 15,00 oder 25,00 Euro<\/span><\/td>\n<td style=\"text-align: center; background-color: #ffffcc;\" width=\"123\"><span style=\"color: #008000;\">65,00 \u20ac pro Person<\/span><\/p>\n<p><span style=\"color: #008000;\">ab der dritten Person 15,00 oder 25,00 Euro<\/span><\/td>\n<td style=\"text-align: center; background-color: #ffffff;\" width=\"145\"><span style=\"color: #008000;\">72,50 \u20ac pro Person<\/span><\/p>\n<p><span style=\"color: #008000;\">ab der dritten Person &nbsp;15,00 oder 25,00 Euro<\/span><\/td>\n<\/tr>\n<tr>\n<td style=\"background-color: #ffffcc;\" valign=\"top\">\n<p style=\"text-align: center;\"><a title=\"Doppelzimmer mit Terrasse\" href=\"http:\/\/www.ruegen-birkenhof.de\/wp\/?page_id=47\">Komfortables Doppelzimmer<br \/>\nmit Terrasse<\/a><\/p>\n<p style=\"text-align: center;\">(max. 3&nbsp;G\u00e4ste)<\/p>\n<\/td>\n<td style=\"text-align: center; background-color: #ffffff;\" width=\"124\"><span style=\"color: #008000;\">45,00 \u20ac pro Person<\/span><\/p>\n<p><span style=\"color: #008000;\">ab der dritten Person 15,00 oder 25,00 Euro<\/span><\/td>\n<td style=\"text-align: center; background-color: #ffffcc;\" width=\"123\"><span style=\"color: #008000;\">55,00 \u20ac pro Person<\/span><\/p>\n<p><span style=\"color: #008000;\">ab der dritten Person 15,00 oder 25,00 Euro<\/span><\/td>\n<td style=\"text-align: center; background-color: #ffffff;\" width=\"145\"><span style=\"color: #008000;\">62,50 \u20ac pro Person<\/span><\/p>\n<p><span style=\"color: #008000;\">ab der dritten Person &nbsp;15,00 oder 25,00 Euro<\/span><\/td>\n<\/tr>\n<tr>\n<td style=\"text-align: center; background-color: #ffffcc;\" valign=\"top\">\n<p style=\"text-align: center;\"><a title=\"Komfortables Doppelzimmer\" href=\"http:\/\/www.ruegen-birkenhof.de\/wp\/?page_id=45\">Komfortables Doppelzimmer<\/a><\/p>\n<p style=\"text-align: center;\">(max. 3 G\u00e4ste)<\/p>\n<\/td>\n<td style=\"text-align: center; background-color: #ffffff;\" width=\"124\"><span style=\"color: #008000;\">42,50 \u20ac pro Person<\/span><\/p>\n<p><span style=\"color: #008000;\">ab der dritten Person 15,00 oder 25,00 Euro<\/span><\/td>\n<td style=\"text-align: center; background-color: #ffffcc;\" width=\"123\"><span style=\"color: #008000;\">50,00 \u20ac pro Person<\/span><\/p>\n<p><span style=\"color: #008000;\">ab der dritten Person 15,00 oder 25,00 Euro<\/span><\/td>\n<td style=\"text-align: center; background-color: #ffffff;\" width=\"145\"><span style=\"color: #008000;\">57,50 \u20ac pro Person<\/span><\/p>\n<p><span style=\"color: #008000;\">ab der dritten Person &nbsp;15,00 oder 25,00 Euro<\/span><\/td>\n<\/tr>\n<tr>\n<td style=\"text-align: center; background-color: #ffffcc;\" valign=\"top\">\n<p style=\"text-align: center;\"><a title=\"Kleines Doppelzimmer\" href=\"http:\/\/www.ruegen-birkenhof.de\/wp\/?page_id=41\">Kleines Doppelzimmer<\/a><\/p>\n<p>(max. 2 G\u00e4ste)<\/td>\n<td style=\"text-align: center; background-color: #ffffff;\" width=\"124\"><span style=\"color: #008000;\">37,50 \u20ac pro Person<br \/>\n<\/span><\/td>\n<td style=\"text-align: center; background-color: #ffffcc;\" width=\"123\"><span style=\"color: #008000;\">47,50 \u20ac pro Person<\/span><\/td>\n<td style=\"text-align: center; background-color: #ffffff;\" width=\"145\"><span style=\"color: #008000;\">52,50 \u20ac pro Person<\/span><\/td>\n<\/tr>\n<tr>\n<td style=\"text-align: center; background-color: #ffffcc;\" valign=\"top\">\n<p style=\"text-align: center;\">Einzelzimmer<\/p>\n<\/td>\n<td style=\"text-align: center; background-color: #ffffff;\" width=\"124\"><span style=\"color: #008000;\">55,00 \u20ac<\/span><\/td>\n<td style=\"text-align: center; background-color: #ffffcc;\" width=\"123\">65,00 \u20ac<\/td>\n<td style=\"text-align: center; background-color: #ffffff;\" width=\"145\"><span style=\"color: #008000;\">70,00 \u20ac<\/span><\/td>\n<\/tr>\n<\/tbody>\n<\/table>\n<ul>\n<li>alle Zimmer sind mit Dusche, WC ,K\u00fchlschrank und neuem Flachbild-TV (HD-Qualit\u00e4t) ausgestattet<\/li>\n<li>die Preise verstehen sich pro Person und sind inkl. einem reichhaltigem, individuellen Fr\u00fchst\u00fcck in B\u00fcffetform. Unsere G\u00e4ste k\u00f6nnen im gesamten Hotel \u00fcber eine kostenlose W-LAN-Verbindung ins Internet verf\u00fcgen<\/li>\n<li>ab 7 \u00dcbernachtungen erwartet Sie auf dem Zimmer eine Schale mit frischem Obst<\/li>\n<li>Kinder zahlen im Zimmer der Eltern bei 2 Vollzahlern bis 3 Jahre im Reisebett&nbsp; 10,00 Euro, im Alter von 4 &#8211; 10 Jahre 15,00 Euro, ab 11 Jahre und Erwachsene je Aufbettung 25,00 Euro pro Tag<\/li>\n<li>Die Appartements werden mit 2 Vollzahlern und dann dem jeweiligen Aufbettungspreis berechnet.<\/li>\n<li>Der Parkplatz kostet&nbsp; 3,00 Euro pro Tag.<\/li>\n<li>Haustiere sind nach Absprache bei uns willkommen, wir berechnen daf\u00fcr 7,00 \u20ac je \u00dcbernachtung<\/li>\n<li>* Bademantelservice einmalig 7,00 \u20ac und Strandhandt\u00fccher einmalig 2,00 \u20ac<\/li>\n<li>Gern beraten wir Sie \u00fcber die M\u00f6glichkeiten f\u00fcr Geschenkgutscheine!<\/li>\n<li>Auch f\u00fcr Wellnessinteressierte bieten wir&nbsp; Angebote an. Massagen, R\u00fcgener Kreideanwendungen, Lymphdrainagen und vieles mehr. Informieren Sie sich auf der Wellnessseite.&nbsp;<\/li>\n<li>F\u00fcr den Fall einer Krankheit oder \u00e4hnliches empfehlen wir Ihnen den Abschluss einer <strong><a title=\"Reiser\u00fcckstrittsversicherung\" href=\"https:\/\/www.reiseversicherung.de\/vrv\/partner\/ep-Assistent.html?\/ctrl\/state=dp-start&amp;\/data\/agent\/hagtnr=013783&amp;\/data\/agent\/nagtnr=000000\" target=\"_blank\" rel=\"noopener noreferrer\">Reiser\u00fccktrittsversicherung<\/a><\/strong> (bitte anklicken).<\/li>\n<\/ul>\n<h2>&#8222;Unser Allgemeinen Gesch\u00e4ftsbedingungen (AGB&#8217;s)<br \/>\nfinden Sie &gt;<a title=\"AGB\" href=\"?page_id=1206\">hier<\/a>.&#8220;<\/h2>\n","protected":false},"excerpt":{"rendered":"<p>Zimmerpreise 2025 &nbsp;pro Person Vor- und Nachsaison Zwischensaison Hauptsaison 01.02.-13.04.2025 02.11.-01.12.2025 14.04.-24.05.2025 08.09.- 01.11.2025 25.05. &#8211; 7.09.2025 28.12. &#8211; 07.01.2026 Gro\u00dfes Appartement (max. 4 G\u00e4ste) 75,00&nbsp;\u20ac pro Person ab der dritten Person 15,00 oder 25,00 Euro 80,00 \u20ac pro Person<\/p>\n","protected":false},"author":4,"featured_media":0,"parent":0,"menu_order":0,"comment_status":"closed","ping_status":"closed","template":"","meta":{"ngg_post_thumbnail":0,"footnotes":""},"_links":{"self":[{"href":"https:\/\/www.ruegen-birkenhof.de\/index.php?rest_route=\/wp\/v2\/pages\/2573"}],"collection":[{"href":"https:\/\/www.ruegen-birkenhof.de\/index.php?rest_route=\/wp\/v2\/pages"}],"about":[{"href":"https:\/\/www.ruegen-birkenhof.de\/index.php?rest_route=\/wp\/v2\/types\/page"}],"author":[{"embeddable":true,"href":"https:\/\/www.ruegen-birkenhof.de\/index.php?rest_route=\/wp\/v2\/users\/4"}],"replies":[{"embeddable":true,"href":"https:\/\/www.ruegen-birkenhof.de\/index.php?rest_route=%2Fwp%2Fv2%2Fcomments&post=2573"}],"version-history":[{"count":9,"href":"https:\/\/www.ruegen-birkenhof.de\/index.php?rest_route=\/wp\/v2\/pages\/2573\/revisions"}],"predecessor-version":[{"id":3267,"href":"https:\/\/www.ruegen-birkenhof.de\/index.php?rest_route=\/wp\/v2\/pages\/2573\/revisions\/3267"}],"wp:attachment":[{"href":"https:\/\/www.ruegen-birkenhof.de\/index.php?rest_route=%2Fwp%2Fv2%2Fmedia&parent=2573"}],"curies":[{"name":"wp","href":"https:\/\/api.w.org\/{rel}","templated":true}]}}